{"id":160,"date":"2024-04-11T21:43:20","date_gmt":"2024-04-11T21:43:20","guid":{"rendered":"https:\/\/aeroformacion.com\/?page_id=160"},"modified":"2024-05-08T00:03:09","modified_gmt":"2024-05-08T00:03:09","slug":"nosotros","status":"publish","type":"page","link":"https:\/\/aeroformacion.com\/index.php\/nosotros\/","title":{"rendered":"Nosotros"},"content":{"rendered":"\t\t<div data-elementor-type=\"wp-page\" data-elementor-id=\"160\" class=\"elementor elementor-160\">\n\t\t\t\t\t\t<section class=\"elementor-section elementor-top-section elementor-element elementor-element-53ad4bb3 elementor-section-height-min-height elementor-section-boxed elementor-section-height-default elementor-section-items-middle\" data-id=\"53ad4bb3\" data-element_type=\"section\" data-settings=\"{&quot;background_background&quot;:&quot;classic&quot;}\">\n\t\t\t\t\t\t\t<div class=\"elementor-background-overlay\"><\/div>\n\t\t\t\t\t\t\t<div class=\"elementor-container elementor-column-gap-no\">\n\t\t\t\t\t<div class=\"elementor-column elementor-col-100 elementor-top-column elementor-element elementor-element-39b4b0de elementor-invisible\" data-id=\"39b4b0de\" data-element_type=\"column\" data-settings=\"{&quot;animation&quot;:&quot;fadeIn&quot;}\">\n\t\t\t<div class=\"elementor-widget-wrap elementor-element-populated\">\n\t\t\t\t\t\t<div class=\"elementor-element elementor-element-5870a240 elementor-icon-list--layout-inline elementor-align-center elementor-list-item-link-full_width elementor-widget elementor-widget-icon-list\" data-id=\"5870a240\" data-element_type=\"widget\" data-widget_type=\"icon-list.default\">\n\t\t\t\t<div class=\"elementor-widget-container\">\n\t\t\t\t\t\t\t<ul class=\"elementor-icon-list-items elementor-inline-items\">\n\t\t\t\t\t\t\t<li class=\"elementor-icon-list-item elementor-inline-item\">\n\t\t\t\t\t\t\t\t\t\t\t<a href=\"https:\/\/aeroformacion.com\/\">\n\n\t\t\t\t\t\t\t\t\t\t\t<span class=\"elementor-icon-list-text\">Home<\/span>\n\t\t\t\t\t\t\t\t\t\t\t<\/a>\n\t\t\t\t\t\t\t\t\t<\/li>\n\t\t\t\t\t\t\t\t<li class=\"elementor-icon-list-item elementor-inline-item\">\n\t\t\t\t\t\t\t\t\t\t<span class=\"elementor-icon-list-text\">\/<\/span>\n\t\t\t\t\t\t\t\t\t<\/li>\n\t\t\t\t\t\t\t\t<li class=\"elementor-icon-list-item elementor-inline-item\">\n\t\t\t\t\t\t\t\t\t\t\t<a href=\"https:\/\/aeroformacion.com\/index.php\/nosotros\/\">\n\n\t\t\t\t\t\t\t\t\t\t\t<span class=\"elementor-icon-list-text\"><\/span>\n\t\t\t\t\t\t\t\t\t\t\t<\/a>\n\t\t\t\t\t\t\t\t\t<\/li>\n\t\t\t\t\t\t<\/ul>\n\t\t\t\t\t\t<\/div>\n\t\t\t\t<\/div>\n\t\t\t\t\t<\/div>\n\t\t<\/div>\n\t\t\t\t\t<\/div>\n\t\t<\/section>\n\t\t\t\t<section class=\"elementor-section elementor-top-section elementor-element elementor-element-4cc476b3 elementor-section-boxed elementor-section-height-default elementor-section-height-default elementor-invisible\" data-id=\"4cc476b3\" data-element_type=\"section\" data-settings=\"{&quot;animation&quot;:&quot;fadeInUp&quot;}\">\n\t\t\t\t\t\t<div class=\"elementor-container elementor-column-gap-no\">\n\t\t\t\t\t<div class=\"elementor-column elementor-col-50 elementor-top-column elementor-element elementor-element-642127f9\" data-id=\"642127f9\" data-element_type=\"column\">\n\t\t\t<div class=\"elementor-widget-wrap elementor-element-populated\">\n\t\t\t\t\t\t<div class=\"elementor-element elementor-element-5b712fd5 elementor-widget elementor-widget-image\" data-id=\"5b712fd5\" data-element_type=\"widget\" data-widget_type=\"image.default\">\n\t\t\t\t<div class=\"elementor-widget-container\">\n\t\t\t\t\t\t\t\t\t\t\t\t\t\t\t<img fetchpriority=\"high\" decoding=\"async\" width=\"633\" height=\"723\" src=\"https:\/\/aeroformacion.com\/wp-content\/uploads\/2024\/04\/NP1.jpg\" class=\"attachment-large size-large wp-image-609\" alt=\"\" srcset=\"https:\/\/aeroformacion.com\/wp-content\/uploads\/2024\/04\/NP1.jpg 633w, https:\/\/aeroformacion.com\/wp-content\/uploads\/2024\/04\/NP1-263x300.jpg 263w\" sizes=\"(max-width: 633px) 100vw, 633px\" \/>\t\t\t\t\t\t\t\t\t\t\t\t\t\t\t<\/div>\n\t\t\t\t<\/div>\n\t\t\t\t\t<\/div>\n\t\t<\/div>\n\t\t\t\t<div class=\"elementor-column elementor-col-50 elementor-top-column elementor-element elementor-element-bd58a29\" data-id=\"bd58a29\" data-element_type=\"column\">\n\t\t\t<div class=\"elementor-widget-wrap elementor-element-populated\">\n\t\t\t\t\t\t<div class=\"elementor-element elementor-element-7bf345ed elementor-widget elementor-widget-heading\" data-id=\"7bf345ed\" data-element_type=\"widget\" data-widget_type=\"heading.default\">\n\t\t\t\t<div class=\"elementor-widget-container\">\n\t\t\t\t\t<h2 class=\"elementor-heading-title elementor-size-default\">SOMOS LA UNIVERSIDAD \nDE LA AVIACI\u00d3N<\/h2>\t\t\t\t<\/div>\n\t\t\t\t<\/div>\n\t\t\t\t<div class=\"elementor-element elementor-element-17693a10 elementor-widget elementor-widget-text-editor\" data-id=\"17693a10\" data-element_type=\"widget\" data-widget_type=\"text-editor.default\">\n\t\t\t\t<div class=\"elementor-widget-container\">\n\t\t\t\t\t\t\t\t\t<p>Aeroformaci\u00f3n de Costa Rica es una empresa dedicada a la orientaci\u00f3n y formaci\u00f3n de hombres y mujeres en el campo aeron\u00e1utico, la escuela prepara a los estudiantes por medio de una combinaci\u00f3n de teor\u00eda y pr\u00e1ctica, brind\u00e1ndoles todas las herramientas del siglo 21 para ejecutar con profesionalismo cargos como Piloto Privado de Avi\u00f3n, Piloto Comercial de Avi\u00f3n, tanto con la Habilitaci\u00f3n de Vuelo por Instrumentos como la Habilitaci\u00f3n de Multimotores, Piloto de Transporte de L\u00ednea A\u00e9rea, Instructor de Vuelo, Transici\u00f3n Aerol\u00ednea (Bridge) y T\u00e9cnico de Operaciones Aeron\u00e1uticas.<\/p><p>La metodolog\u00eda de ense\u00f1anza y los planes de entrenamiento elaborados son modernos, basados en las necesidades actuales del \u00e1mbito aeron\u00e1utico, hemos tomado en cuenta todos los aspectos actuales, as\u00ed como los que se presentar\u00e1n en el futuro para mantenernos siempre un paso adelante, ya que cada vez, los requerimientos para pilotos de aviaci\u00f3n ser\u00e1n m\u00e1s demandantes debido a que, sin importar el tama\u00f1o de las aeronaves, estas ir\u00e1n evolucionando para convertirse en aeronaves m\u00e1s seguras, lo que a su vez las convertir\u00e1 en aeronaves mucho m\u00e1s complejas. Aeroformaci\u00f3n es una escuela de aviaci\u00f3n y centro de adiestramiento aeron\u00e1utico debidamente aprobado por la Direcci\u00f3n General de Aviaci\u00f3n Civil de Costa Rica, por medio del Certificado de Operaci\u00f3n CO-EPA005, todo nuestro curr\u00edculo de entrenamiento ha sido debidamente revisado, aprobado y es regulado por Licencias de Personal T\u00e9cnico Aeron\u00e1utico de Costa Rica (RAC LPTA), el cual se basa en el ICAO Anexo 1.<\/p>\t\t\t\t\t\t\t\t<\/div>\n\t\t\t\t<\/div>\n\t\t\t\t<div class=\"elementor-element elementor-element-64ef56f5 elementor-widget elementor-widget-button\" data-id=\"64ef56f5\" data-element_type=\"widget\" data-widget_type=\"button.default\">\n\t\t\t\t<div class=\"elementor-widget-container\">\n\t\t\t\t\t\t\t\t\t<div class=\"elementor-button-wrapper\">\n\t\t\t\t\t<a class=\"elementor-button elementor-button-link elementor-size-sm\" href=\"https:\/\/aeroformacion.com\/index.php\/contacto\/\">\n\t\t\t\t\t\t<span class=\"elementor-button-content-wrapper\">\n\t\t\t\t\t\t<span class=\"elementor-button-icon\">\n\t\t\t\t<svg aria-hidden=\"true\" class=\"e-font-icon-svg e-fas-angle-right\" viewBox=\"0 0 256 512\" xmlns=\"http:\/\/www.w3.org\/2000\/svg\"><path d=\"M224.3 273l-136 136c-9.4 9.4-24.6 9.4-33.9 0l-22.6-22.6c-9.4-9.4-9.4-24.6 0-33.9l96.4-96.4-96.4-96.4c-9.4-9.4-9.4-24.6 0-33.9L54.3 103c9.4-9.4 24.6-9.4 33.9 0l136 136c9.5 9.4 9.5 24.6.1 34z\"><\/path><\/svg>\t\t\t<\/span>\n\t\t\t\t\t\t\t\t\t<span class=\"elementor-button-text\">HABLEMOS<\/span>\n\t\t\t\t\t<\/span>\n\t\t\t\t\t<\/a>\n\t\t\t\t<\/div>\n\t\t\t\t\t\t\t\t<\/div>\n\t\t\t\t<\/div>\n\t\t\t\t\t<\/div>\n\t\t<\/div>\n\t\t\t\t\t<\/div>\n\t\t<\/section>\n\t\t\t\t<\/div>\n\t\t","protected":false},"excerpt":{"rendered":"<p>Home \/ SOMOS LA UNIVERSIDAD DE LA AVIACI\u00d3N Aeroformaci\u00f3n de Costa Rica es una empresa dedicada a la orientaci\u00f3n y formaci\u00f3n de hombres y mujeres en el campo aeron\u00e1utico, la escuela prepara a los estudiantes por medio de una combinaci\u00f3n de teor\u00eda y pr\u00e1ctica, brind\u00e1ndoles todas las herramientas del siglo 21 para ejecutar con profesionalismo [&hellip;]<\/p>\n","protected":false},"author":1,"featured_media":0,"parent":0,"menu_order":0,"comment_status":"closed","ping_status":"closed","template":"elementor_header_footer","meta":{"_joinchat":[],"footnotes":""},"class_list":["post-160","page","type-page","status-publish","hentry"],"_links":{"self":[{"href":"https:\/\/aeroformacion.com\/index.php\/wp-json\/wp\/v2\/pages\/160","targetHints":{"allow":["GET"]}}],"collection":[{"href":"https:\/\/aeroformacion.com\/index.php\/wp-json\/wp\/v2\/pages"}],"about":[{"href":"https:\/\/aeroformacion.com\/index.php\/wp-json\/wp\/v2\/types\/page"}],"author":[{"embeddable":true,"href":"https:\/\/aeroformacion.com\/index.php\/wp-json\/wp\/v2\/users\/1"}],"replies":[{"embeddable":true,"href":"https:\/\/aeroformacion.com\/index.php\/wp-json\/wp\/v2\/comments?post=160"}],"version-history":[{"count":43,"href":"https:\/\/aeroformacion.com\/index.php\/wp-json\/wp\/v2\/pages\/160\/revisions"}],"predecessor-version":[{"id":1206,"href":"https:\/\/aeroformacion.com\/index.php\/wp-json\/wp\/v2\/pages\/160\/revisions\/1206"}],"wp:attachment":[{"href":"https:\/\/aeroformacion.com\/index.php\/wp-json\/wp\/v2\/media?parent=160"}],"curies":[{"name":"wp","href":"https:\/\/api.w.org\/{rel}","templated":true}]}}